ase 3) to base 13.
681c
-24b5 (base 16) to base 7
-36253
What is -21001121 (base 3) in base 11?
-3959
What is 32033 (base 7) in base 2?
1111011101001
2322 (base 10) to base 7
6525
201b (base 13) to base 12
2682
Convert -10244 (base 5) to base 9.
-856
-418 (base 14) to base 13
-4a0
What is -4009 (base 11) in base 7?
-21356
Convert -31065 (base 8) to base 6.
-135301
What is 612 (base 15) in base 4?
111113
What is 1517 (base 13) in base 10?
3062
What is -111310 (base 4) in base 15?
-631
42a (base 15) to base 8
1654
-14422 (base 5) to base 3
-1200211
-11010 (base 3) to base 7
-216
Convert -33011 (base 5) to base 11.
-1771
Convert 100120 (base 3) to base 15.
123
What is 9659 (base 13) in base 11?
14745
What is -5386 (base 11) in base 6?
-52532
10222212 (base 3) to base 9
3885
What is 3334 (base 14) in base 8?
21242
-2755 (base 8) to base 16
-5ed
What is 1221 (base 7) in base 14?
248
b90 (base 14) to base 8
4352
What is -5039 (base 12) in base 11?
-6586
Convert 430 (base 10) to base 14.
22a
What is 1a7 (base 11) in base 14?
130
What is 1504 (base 8) in base 9?
1128
-13355 (base 14) to base 8
-134317
Convert 373 (base 15) to base 8.
1417
Convert 1817 (base 16) to base 13.
2a65
What is 3151 (base 7) in base 10?
1114
Convert 1002 (base 8) to base 6.
2214
What is 100122 (base 3) in base 5?
2020
Convert 7048 (base 11) to base 15.
2b99
What is -6c3 (base 13) in base 14?
-5db
-1201100 (base 3) to base 12
-883
What is 5138 (base 12) in base 4?
2021330
Convert 1355 (base 7) to base 13.
31a
What is -1102222 (base 4) in base 8?
-12252
-1330 (base 6) to base 10
-342
Convert 14 (base 12) to base 2.
10000
What is -33331 (base 6) in base 3?
-20101201
10000100011101010 (base 2) to base 3
10110000210
-100101010101 (base 2) to base 14
-c29
-1111 (base 3) to base 4
-220
Convert 1fc5 (base 16) to base 11.
6124
What is -5551 (base 7) in base 6?
-13124
What is -161 (base 9) in base 8?
-210
Convert -1375 (base 8) to base 7.
-2142
20254 (base 6) to base 14
daa
What is 1313 (base 4) in base 16?
77
Convert 15426 (base 8) to base 9.
10454
What is -2a2 (base 14) in base 5?
-4114
2021 (base 4) to base 10
137
Convert -4397 (base 11) to base 13.
-2838
-5d0d (base 14) to base 9
-24300
What is 141 (base 12) in base 15?
cd
What is -2104 (base 5) in base 4?
-10113
What is -753 (base 12) in base 5?
-13241
What is 6bc (base 14) in base 11?
1010
211200200 (base 3) to base 15
4d7c
110101001110 (base 2) to base 13
1720
What is 108385 (base 9) in base 15?
144bb
What is 2533 (base 7) in base 6?
4231
What is -4320 (base 5) in base 11?
-492
-5100 (base 6) to base 11
-925
What is 16631 (base 7) in base 11?
3651
What is -10111 (base 5) in base 16?
-290
What is -140626 (base 8) in base 4?
-30012112
Convert 3100 (base 6) to base 10.
684
What is 100110111 (base 2) in base 13?
1ac
2000222021 (base 3) to base 12
1b237
What is -10320 (base 4) in base 6?
-1240
What is 1335 (base 12) in base 16?
899
Convert 2647 (base 8) to base 7.
4135
What is 1211102 (base 3) in base 4?
110312
Convert -151 (base 15) to base 12.
-211
70765 (base 8) to base 9
44014
Convert 11132 (base 4) to base 7.
1010
2140 (base 6) to base 12
350
What is -10301101 (base 4) in base 10?
-19537
-54b (base 14) to base 9
-1383
Convert -1011010001010101 (base 2) to base 6.
-553421
-11c3 (base 16) to base 5
-121142
12411 (base 5) to base 2
1111010101
Convert 24441 (base 8) to base 9.
15388
Convert -a0 (base 15) to base 14.
-aa
a5 (base 15) to base 9
182
-6a3 (base 13) to base 7
-3226
97 (base 12) to base 16
73
1100010011 (base 2) to base 8
1423
What is -4124 (base 5) in base 13?
-326
1a99 (base 14) to base 6
34223
What is 6122 (base 13) in base 10?
13379
-364 (base 13) to base 2
-1001001101
-120422 (base 6) to base 5
-314101
11799 (base 11) to base 4
10020133
What is -765 (base 9) in base 4?
-21302
What is 15bc (base 15) in base 4?
1021011
What is 39d (base 16) in base 11?
771
Convert 2254 (base 12) to base 7.
14050
What is -1000011011100 (base 2) in base 13?
-1c70
1362 (base 7) to base 8
1026
What is 10121202 (base 3) in base 8?
5117
What is -1032201 (base 4) in base 6?
-35133
What is 5434 (base 7) in base 9?
2581
-2251 (base 7) to base 13
-4b1
What is 8605 (base 10) in base 3?
102210201
-22121 (base 5) to base 7
-4323
1234322 (base 5) to base 6
304401
155566 (base 7) to base 11
21179
Convert -33213 (base 5) to base 11.
-1809
100244 (base 5) to base 15
e34
31b1 (base 13) to base 16
1af8
Convert -14085 (base 9) to base 2.
-10010101010010
-1d5 (base 14) to base 10
-383
-47505 (base 8) to base 16
-4f45
What is 2d4 (base 16) in base 5?
10344
What is -3426 (base 9) in base 4?
-213213
What is -144112 (base 8) in base 14?
-14986
420142 (base 5) to base 15
414c
-243 (base 5) to base 6
-201
Convert 3353 (base 7) to base 2.
10010111110
Convert 9936 (base 13) to base 11.
1503a
What is -a391 (base 14) in base 12?
-14363
What is -2212 (base 7) in base 10?
-793
Convert 1011111100000 (base 2) to base 16.
17e0
Convert 624 (base 7) to base 12.
220
What is 10101010101 (base 2) in base 8?
2525
What is 727 (base 16) in base 4?
130213
What is -14a (base 13) in base 11?
-1a0
1120012000 (base 3) to base 8
74041
-3333 (base 6) to base 4
-30021
What is -250d (base 16) in base 15?
-2c25
1012120 (base 3) to base 15
3d9
Convert -686 (base 11) to base 13.
-4b1
Convert 102200002 (base 3) to base 4.
2010323
What is -333 (base 4) in base 10?
-63
What is -202011 (base 3) in base 8?
-1040
-351112 (base 6) to base 12
-15498
What is -5641 (base 9) in base 4?
-1001020
What is 223 (base 13) in base 7?
1033
What is 11223 (base 4) in base 16?
16b
What is 15500 (base 6) in base 7?
10311
-138 (base 13) to base 11
-187
Convert -a26 (base 11) to base 16.
-4d6
What is -12a9 (base 11) in base 4?
-122130
Convert 103 (base 15) to base 8.
344
What is -36730 (base 8) in base 2?
-11110111011000
Convert 773 (base 13) to base 14.
673
-1507 (base 11) to base 3
-2122222
What is -150 (base 11) in base 13?
-107
-5180 (base 16) to base 7
-114554
Convert 1252 (base 7) to base 5.
3403
11320 (base 6) to base 13
987
Convert 1366 (base 9) to base 11.
859
What is -22302 (base 4) in base 7?
-2004
-1311132 (base 4) to base 3
-101022110
What is -467 (base 15) in base 2?
-1111100101
-56 (base 11) to base 13
-49
What is 615 (base 9) in base 11?
415
What is -11177 (base 8) in base 14?
-1a23
296 (base 14) to base 7
1346
81a0 (base 12) to base 5
422323
-84eb (base 15) to base 4
-12313121
Convert -11a (base 15) to base 8.
-372
What is 220120212 (base 3) in base 2?
100011000000100
What is -344 (base 6) in base 16?
-88
What is -24a (base 12) in base 8?
-532
What is 216 (base 8) in base 12?
ba
What is 59 (base 13) in base 6?
202
What is -40 (base 13) in base 14?
-3a
Convert 21351 (base 7) to base 4.
1103100
-303 (base 7) to base 11
-127
Convert 65400 (base 9) to base 12.
210b3
101631 (base 7) to base 8
42072
Convert -9839 (base 10) to base 7.
-40454
Convert -1101011 (base 2) to base 5.
-412
a1a2 (base 14) to base 4
12302002
What is e76 (base 16) in base 9?
5063
What is 24270 (base 8) in base 9?
15262
427 (base 8) to base 7
546
-21183 (base 12) to base 7
-240441
What is 299 (base 13) in base 2?
111010000
Convert -1346 (base 7) to base 8.
-1014
Convert 1110101100 (base 2) to base 5.
12230
What is -16162 (base 9) in base 12?
-64a8
11030 (base 5) to base 9
1040
Convert -12020220 (base 3) to base 13.
-1989
Convert 735 (base 11) to base 13.
531
What is 1200 (base 3) in base 10?
45
Convert -b451 (base 12) to base 4.
-10302331
-2102102 (base 4) to base 8
-22222
What is -212133 (base 5) in base 11?
-5427
-13525 (base 9) to base 15
-2abb
Convert 445 (base 12) to base 3.
212022
What is 197a5 (base 14) in base 16?
fc75
What is 10103103 (base 4) in base 13?
8034
What is -323 (base 16) in base 14?
-415
-33748 (base 12) to base 11
-47483
-5da (base 16) to base 3
-2001111
What is -2605 (base 11) in base 10?
-3393
Convert -2537 (base 10) to base 15.
-b42
Convert 1100 (base 3) to base 11.
33
-35004 (base 7) to base 8
-21332
What is 711 (base 11) in base 5?
11414
488 (base 9) to base 3
112222
a3e (base 16) to base 11
1a74
Convert c60a (base 13) to base 2.
110101011111100
-15516 (base 8) to base 4
-1231032
Convert -15421 (base 6) to base 5.
-40113
What is 367 (base 10) in base 2?
101101111
Convert -2611 (base 7) to base 16.
-3dc